Last updated on 2020-09-17 02:08:07 CEST.
Flavor | Version | Tinstall | Tcheck | Ttotal | Status | Flags |
---|---|---|---|---|---|---|
r-devel-linux-x86_64-debian-clang | 1.3-2 | 5.34 | 50.65 | 55.99 | OK | |
r-devel-linux-x86_64-debian-gcc | 1.3-2 | 4.69 | 39.86 | 44.55 | OK | |
r-devel-linux-x86_64-fedora-clang | 1.3-2 | 78.31 | OK | |||
r-devel-linux-x86_64-fedora-gcc | 1.3-2 | 69.25 | OK | |||
r-devel-windows-ix86+x86_64 | 1.3-2 | 15.00 | 82.00 | 97.00 | OK | |
r-patched-linux-x86_64 | 1.3-2 | 5.62 | 50.11 | 55.73 | OK | |
r-patched-solaris-x86 | 1.3-2 | 92.50 | OK | |||
r-release-linux-x86_64 | 1.3-2 | 6.12 | 50.44 | 56.56 | OK | |
r-release-macos-x86_64 | 1.3-2 | OK | ||||
r-release-windows-ix86+x86_64 | 1.3-2 | 12.00 | 60.00 | 72.00 | OK | |
r-oldrel-macos-x86_64 | 1.3-2 | WARN | ||||
r-oldrel-windows-ix86+x86_64 | 1.3-2 | 16.00 | 75.00 | 91.00 | OK |
Version: 1.3-2
Check: whether package can be installed
Result: WARN
Found the following significant warnings:
Warning: 'rgl.init' failed, running with 'rgl.useNULL = TRUE'.
Flavor: r-oldrel-macos-x86_64