Last updated on 2020-09-17 02:08:08 CEST.
Flavor | Version | Tinstall | Tcheck | Ttotal | Status | Flags |
---|---|---|---|---|---|---|
r-devel-linux-x86_64-debian-clang | 1.0.0 | 671.85 | 668.14 | 1339.99 | OK | |
r-devel-linux-x86_64-debian-gcc | 1.0.0 | 510.15 | 399.82 | 909.97 | OK | |
r-devel-linux-x86_64-fedora-clang | 1.0.0 | 1784.61 | NOTE | |||
r-devel-linux-x86_64-fedora-gcc | 1.0.0 | 1651.80 | OK | |||
r-devel-windows-ix86+x86_64 | 1.0.0 | 1499.00 | 743.00 | 2242.00 | NOTE | |
r-patched-linux-x86_64 | 1.0.0 | 421.36 | 595.26 | 1016.62 | OK | |
r-patched-solaris-x86 | 1.0.0 | 1631.10 | NOTE | |||
r-release-linux-x86_64 | 1.0.0 | 408.13 | 589.68 | 997.81 | OK | |
r-release-macos-x86_64 | 1.0.0 | NOTE | ||||
r-release-windows-ix86+x86_64 | 1.0.0 | 1491.00 | 723.00 | 2214.00 | NOTE | |
r-oldrel-macos-x86_64 | 1.0.0 | NOTE | ||||
r-oldrel-windows-ix86+x86_64 | 1.0.0 | 1147.00 | 838.00 | 1985.00 | NOTE |
Version: 1.0.0
Check: installed package size
Result: NOTE
installed size is 40.4Mb
sub-directories of 1Mb or more:
doc 2.1Mb
libs 37.9Mb
Flavors: r-devel-linux-x86_64-fedora-clang, r-devel-windows-ix86+x86_64, r-patched-solaris-x86, r-release-macos-x86_64, r-release-windows-ix86+x86_64, r-oldrel-macos-x86_64, r-oldrel-windows-ix86+x86_64