Last updated on 2020-09-17 02:08:08 CEST.
Flavor | Version | Tinstall | Tcheck | Ttotal | Status | Flags |
---|---|---|---|---|---|---|
r-devel-linux-x86_64-debian-clang | 1.9.9 | 20.88 | 168.39 | 189.27 | OK | |
r-devel-linux-x86_64-debian-gcc | 1.9.9 | 16.09 | 126.71 | 142.80 | OK | |
r-devel-linux-x86_64-fedora-clang | 1.9.9 | 244.00 | OK | |||
r-devel-linux-x86_64-fedora-gcc | 1.9.9 | 233.93 | OK | |||
r-devel-windows-ix86+x86_64 | 1.9.9 | 39.00 | 195.00 | 234.00 | OK | |
r-patched-linux-x86_64 | 1.9.9 | 21.22 | 165.45 | 186.67 | OK | |
r-patched-solaris-x86 | 1.9.9 | 373.60 | OK | |||
r-release-linux-x86_64 | 1.9.9 | 22.67 | 165.21 | 187.88 | OK | |
r-release-macos-x86_64 | 1.9.9 | OK | ||||
r-release-windows-ix86+x86_64 | 1.9.9 | 38.00 | 154.00 | 192.00 | OK | |
r-oldrel-macos-x86_64 | 1.9.9 | WARN | ||||
r-oldrel-windows-ix86+x86_64 | 1.9.9 | 41.00 | 186.00 | 227.00 | OK |
Version: 1.9.9
Check: dependencies in R code
Result: NOTE
No protocol specified
No protocol specified
Flavor: r-oldrel-macos-x86_64
Version: 1.9.9
Check: S3 generic/method consistency
Result: WARN
No protocol specified
No protocol specified
See section ‘Generic functions and methods’ in the ‘Writing R
Extensions’ manual.
Flavor: r-oldrel-macos-x86_64
Version: 1.9.9
Check: replacement functions
Result: WARN
No protocol specified
No protocol specified
The argument of a replacement function which corresponds to the right
hand side must be named ‘value’.
Flavor: r-oldrel-macos-x86_64
Version: 1.9.9
Check: foreign function calls
Result: NOTE
No protocol specified
No protocol specified
See chapter ‘System and foreign language interfaces’ in the ‘Writing R
Extensions’ manual.
Flavor: r-oldrel-macos-x86_64
Version: 1.9.9
Check: R code for possible problems
Result: NOTE
No protocol specified
No protocol specified
Flavor: r-oldrel-macos-x86_64
Version: 1.9.9
Check: for missing documentation entries
Result: WARN
No protocol specified
No protocol specified
All user-level objects in a package should have documentation entries.
See chapter ‘Writing R documentation files’ in the ‘Writing R
Extensions’ manual.
Flavor: r-oldrel-macos-x86_64
Version: 1.9.9
Check: for code/documentation mismatches
Result: WARN
No protocol specified
No protocol specified
No protocol specified
No protocol specified
No protocol specified
No protocol specified
Flavor: r-oldrel-macos-x86_64
Version: 1.9.9
Check: Rd \usage sections
Result: NOTE
No protocol specified
No protocol specified
The \usage entries for S3 methods should use the \method markup and not
their full name.
See chapter ‘Writing R documentation files’ in the ‘Writing R
Extensions’ manual.
Flavor: r-oldrel-macos-x86_64