Last updated on 2020-09-17 02:08:08 CEST.
Flavor | Version | Tinstall | Tcheck | Ttotal | Status | Flags |
---|---|---|---|---|---|---|
r-devel-linux-x86_64-debian-clang | 0.8-3 | 6.26 | 65.51 | 71.77 | OK | |
r-devel-linux-x86_64-debian-gcc | 0.8-3 | 5.39 | 49.53 | 54.92 | OK | |
r-devel-linux-x86_64-fedora-clang | 0.8-3 | 95.20 | NOTE | |||
r-devel-linux-x86_64-fedora-gcc | 0.8-3 | 85.36 | OK | |||
r-devel-windows-ix86+x86_64 | 0.8-3 | 16.00 | 93.00 | 109.00 | OK | |
r-patched-linux-x86_64 | 0.8-3 | 4.63 | 62.63 | 67.26 | OK | |
r-patched-solaris-x86 | 0.8-3 | 119.80 | OK | |||
r-release-linux-x86_64 | 0.8-3 | 7.15 | 62.44 | 69.59 | OK | |
r-release-macos-x86_64 | 0.8-3 | OK | ||||
r-release-windows-ix86+x86_64 | 0.8-3 | 15.00 | 88.00 | 103.00 | OK | |
r-oldrel-macos-x86_64 | 0.8-3 | OK | ||||
r-oldrel-windows-ix86+x86_64 | 0.8-3 | 13.00 | 88.00 | 101.00 | OK |
Version: 0.8-3
Check: Rd cross-references
Result: NOTE
Undeclared packages ‘yacca’, ‘CCA’ in Rd xrefs
Flavor: r-devel-linux-x86_64-fedora-clang