CRAN Package Check Results for Package carbonate

Last updated on 2020-09-17 02:08:08 CEST.

Flavor Version Tinstall Tcheck Ttotal Status Flags
r-devel-linux-x86_64-debian-clang 0.1.3 5.46 44.25 49.71 OK
r-devel-linux-x86_64-debian-gcc 0.1.3 4.22 33.97 38.19 OK
r-devel-linux-x86_64-fedora-clang 0.1.3 71.19 NOTE
r-devel-linux-x86_64-fedora-gcc 0.1.3 59.88 NOTE
r-devel-windows-ix86+x86_64 0.1.3 14.00 70.00 84.00 OK
r-patched-linux-x86_64 0.1.3 5.47 42.39 47.86 OK
r-patched-solaris-x86 0.1.3 97.30 NOTE
r-release-linux-x86_64 0.1.3 5.37 43.51 48.88 OK
r-release-macos-x86_64 0.1.3 NOTE
r-release-windows-ix86+x86_64 0.1.3 13.00 68.00 81.00 OK
r-oldrel-macos-x86_64 0.1.3 NOTE
r-oldrel-windows-ix86+x86_64 0.1.3 8.00 63.00 71.00 OK

Check Details

Version: 0.1.3
Check: dependencies in R code
Result: NOTE
    Namespace in Imports field not imported from: ‘details’
     All declared Imports should be used.
Flavors: r-devel-linux-x86_64-fedora-clang, r-devel-linux-x86_64-fedora-gcc, r-patched-solaris-x86, r-release-macos-x86_64, r-oldrel-macos-x86_64