Last updated on 2020-09-17 02:08:08 CEST.
Flavor | Version | Tinstall | Tcheck | Ttotal | Status | Flags |
---|---|---|---|---|---|---|
r-devel-linux-x86_64-debian-clang | 0.1.4 | 11.61 | 87.51 | 99.12 | OK | |
r-devel-linux-x86_64-debian-gcc | 0.1.4 | 9.19 | 65.20 | 74.39 | OK | |
r-devel-linux-x86_64-fedora-clang | 0.1.4 | 127.49 | NOTE | |||
r-devel-linux-x86_64-fedora-gcc | 0.1.4 | 118.27 | NOTE | |||
r-devel-windows-ix86+x86_64 | 0.1.4 | 30.00 | 117.00 | 147.00 | OK | |
r-patched-linux-x86_64 | 0.1.4 | 7.73 | 83.27 | 91.00 | OK | |
r-patched-solaris-x86 | 0.1.4 | 174.30 | NOTE | |||
r-release-linux-x86_64 | 0.1.4 | 7.67 | 83.28 | 90.95 | OK | |
r-release-macos-x86_64 | 0.1.4 | NOTE | ||||
r-release-windows-ix86+x86_64 | 0.1.4 | 26.00 | 117.00 | 143.00 | OK | |
r-oldrel-macos-x86_64 | 0.1.4 | NOTE | ||||
r-oldrel-windows-ix86+x86_64 | 0.1.4 | 21.00 | 110.00 | 131.00 | OK |
Version: 0.1.4
Check: dependencies in R code
Result: NOTE
Namespaces in Imports field not imported from:
‘broom’ ‘epitools’
All declared Imports should be used.
Flavors: r-devel-linux-x86_64-fedora-clang, r-devel-linux-x86_64-fedora-gcc, r-patched-solaris-x86, r-release-macos-x86_64, r-oldrel-macos-x86_64