Last updated on 2020-09-17 02:08:08 CEST.
Flavor | Version | Tinstall | Tcheck | Ttotal | Status | Flags |
---|---|---|---|---|---|---|
r-devel-linux-x86_64-debian-clang | 0.99.3 | 23.99 | 175.48 | 199.47 | NOTE | |
r-devel-linux-x86_64-debian-gcc | 0.99.3 | 20.23 | 132.45 | 152.68 | NOTE | |
r-devel-linux-x86_64-fedora-clang | 0.99.3 | 261.12 | NOTE | |||
r-devel-linux-x86_64-fedora-gcc | 0.99.3 | 250.58 | NOTE | |||
r-devel-windows-ix86+x86_64 | 0.99.3 | 53.00 | 206.00 | 259.00 | OK | |
r-patched-linux-x86_64 | 0.99.3 | 25.75 | 169.48 | 195.23 | NOTE | |
r-patched-solaris-x86 | 0.99.3 | 357.60 | NOTE | |||
r-release-linux-x86_64 | 0.99.3 | 24.54 | 170.23 | 194.77 | NOTE | |
r-release-macos-x86_64 | 0.99.3 | NOTE | ||||
r-release-windows-ix86+x86_64 | 0.99.3 | 51.00 | 210.00 | 261.00 | OK | |
r-oldrel-macos-x86_64 | 0.99.3 | WARN | ||||
r-oldrel-windows-ix86+x86_64 | 0.99.3 | 46.00 | 196.00 | 242.00 | OK |
Version: 0.99.3
Check: package dependencies
Result: NOTE
Package suggested but not available for checking: 'spacodiR'
Flavors: r-devel-linux-x86_64-debian-clang, r-devel-linux-x86_64-debian-gcc, r-devel-linux-x86_64-fedora-clang, r-devel-linux-x86_64-fedora-gcc, r-patched-linux-x86_64, r-patched-solaris-x86, r-release-linux-x86_64, r-release-macos-x86_64
Version: 0.99.3
Check: whether package can be installed
Result: WARN
Found the following significant warnings:
Warning: 'rgl.init' failed, running with 'rgl.useNULL = TRUE'.
Flavor: r-oldrel-macos-x86_64