Last updated on 2020-09-17 02:08:08 CEST.
Flavor | Version | Tinstall | Tcheck | Ttotal | Status | Flags |
---|---|---|---|---|---|---|
r-devel-linux-x86_64-debian-clang | 0.7-3 | 10.18 | 210.38 | 220.56 | OK | |
r-devel-linux-x86_64-debian-gcc | 0.7-3 | 8.51 | 159.27 | 167.78 | OK | |
r-devel-linux-x86_64-fedora-clang | 0.7-3 | 265.41 | NOTE | |||
r-devel-linux-x86_64-fedora-gcc | 0.7-3 | 258.28 | NOTE | |||
r-devel-windows-ix86+x86_64 | 0.7-3 | 28.00 | 250.00 | 278.00 | OK | |
r-patched-linux-x86_64 | 0.7-3 | 10.64 | 201.01 | 211.65 | OK | |
r-patched-solaris-x86 | 0.7-3 | 356.40 | NOTE | |||
r-release-linux-x86_64 | 0.7-3 | 9.63 | 200.88 | 210.51 | OK | |
r-release-macos-x86_64 | 0.7-3 | NOTE | ||||
r-release-windows-ix86+x86_64 | 0.7-3 | 25.00 | 242.00 | 267.00 | OK | |
r-oldrel-macos-x86_64 | 0.7-3 | NOTE | ||||
r-oldrel-windows-ix86+x86_64 | 0.7-3 | 26.00 | 236.00 | 262.00 | OK |
Version: 0.7-3
Check: dependencies in R code
Result: NOTE
Namespaces in Imports field not imported from:
‘scales’ ‘sp’
All declared Imports should be used.
Flavors: r-devel-linux-x86_64-fedora-clang, r-devel-linux-x86_64-fedora-gcc, r-patched-solaris-x86, r-release-macos-x86_64, r-oldrel-macos-x86_64