CRAN Package Check Results for Package climate

Last updated on 2020-09-17 02:08:08 CEST.

Flavor Version Tinstall Tcheck Ttotal Status Flags
r-devel-linux-x86_64-debian-clang 0.9.8 6.30 45.26 51.56 WARN
r-devel-linux-x86_64-debian-gcc 0.9.8 3.82 39.18 43.00 OK
r-devel-linux-x86_64-fedora-clang 0.9.8 77.59 OK
r-devel-linux-x86_64-fedora-gcc 0.9.8 67.52 OK
r-devel-windows-ix86+x86_64 0.9.8 11.00 88.00 99.00 OK
r-patched-linux-x86_64 0.9.8 6.11 51.54 57.65 OK
r-patched-solaris-x86 0.9.8 93.60 OK
r-release-linux-x86_64 0.9.8 5.82 52.36 58.18 OK
r-release-macos-x86_64 0.9.8 OK
r-release-windows-ix86+x86_64 0.9.8 11.00 84.00 95.00 OK
r-oldrel-macos-x86_64 0.9.8 OK
r-oldrel-windows-ix86+x86_64 0.9.8 8.00 77.00 85.00 OK

Check Details

Version: 0.9.8
Check: re-building of vignette outputs
Result: WARN
    Error(s) in re-building vignettes:
     ...
    --- re-building 'getstarted.Rmd' using rmarkdown
    
     [6%] Downloaded 1185 bytes...
     [74%] Downloaded 14217 bytes...
     [82%] Downloaded 15665 bytes...
     [100%] Downloaded 19017 bytes...
    
     [20%] Downloaded 2633 bytes...
     [100%] Downloaded 13061 bytes...
    
     [0%] Downloaded 1204 bytes...
     [1%] Downloaded 8192 bytes...
     [1%] Downloaded 9204 bytes...
     [2%] Downloaded 14236 bytes...
     [3%] Downloaded 15684 bytes...
     [4%] Downloaded 23684 bytes...
     [4%] Downloaded 23876 bytes...
     [6%] Downloaded 31684 bytes...
     [6%] Downloaded 32068 bytes...
     [8%] Downloaded 39684 bytes...
     [8%] Downloaded 40260 bytes...
     [8%] Downloaded 43196 bytes...
     [9%] Downloaded 44644 bytes...
     [10%] Downloaded 52644 bytes...
     [10%] Downloaded 52836 bytes...
     [12%] Downloaded 60644 bytes...
     [12%] Downloaded 61028 bytes...
     [14%] Downloaded 68644 bytes...
     [14%] Downloaded 69220 bytes...
     [14%] Downloaded 72156 bytes...
     [15%] Downloaded 73604 bytes...
     [16%] Downloaded 81604 bytes...
     [16%] Downloaded 81796 bytes...
     [18%] Downloaded 89604 bytes...
     [18%] Downloaded 89988 bytes...
     [19%] Downloaded 97604 bytes...
     [20%] Downloaded 98180 bytes...
     [20%] Downloaded 101116 bytes...
     [22%] Downloaded 109116 bytes...
     [22%] Downloaded 109308 bytes...
     [23%] Downloaded 117116 bytes...
     [23%] Downloaded 117500 bytes...
     [25%] Downloaded 125116 bytes...
     [25%] Downloaded 125692 bytes...
     [27%] Downloaded 133116 bytes...
     [27%] Downloaded 133884 bytes...
     [28%] Downloaded 141116 bytes...
     [29%] Downloaded 142076 bytes...
     [30%] Downloaded 149116 bytes...
     [30%] Downloaded 150268 bytes...
     [32%] Downloaded 157116 bytes...
     [32%] Downloaded 158460 bytes...
     [33%] Downloaded 165116 bytes...
     [34%] Downloaded 166652 bytes...
     [35%] Downloaded 173116 bytes...
     [35%] Downloaded 174844 bytes...
     [36%] Downloaded 181116 bytes...
     [37%] Downloaded 183036 bytes...
     [38%] Downloaded 189116 bytes...
     [39%] Downloaded 191228 bytes...
     [40%] Downloaded 197116 bytes...
     [40%] Downloaded 199420 bytes...
     [41%] Downloaded 205116 bytes...
     [42%] Downloaded 207612 bytes...
     [43%] Downloaded 213116 bytes...
     [44%] Downloaded 215804 bytes...
     [45%] Downloaded 221116 bytes...
     [45%] Downloaded 223996 bytes...
     [46%] Downloaded 229116 bytes...
     [47%] Downloaded 232188 bytes...
     [48%] Downloaded 237116 bytes...
     [49%] Downloaded 240380 bytes...
     [50%] Downloaded 245116 bytes...
     [50%] Downloaded 248572 bytes...
     [51%] Downloaded 253116 bytes...
     [52%] Downloaded 256764 bytes...
     [53%] Downloaded 261116 bytes...
     [54%] Downloaded 264956 bytes...
     [54%] Downloaded 269116 bytes...
     [55%] Downloaded 273148 bytes...
     [56%] Downloaded 277116 bytes...
     [57%] Downloaded 281340 bytes...
     [58%] Downloaded 285116 bytes...
     [59%] Downloaded 289532 bytes...
     [59%] Downloaded 293116 bytes...
     [60%] Downloaded 297724 bytes...
     [61%] Downloaded 301116 bytes...
     [62%] Downloaded 305916 bytes...
     [63%] Downloaded 309116 bytes...
     [64%] Downloaded 314108 bytes...
     [64%] Downloaded 317116 bytes...
     [65%] Downloaded 322300 bytes...
     [66%] Downloaded 325116 bytes...
     [67%] Downloaded 330492 bytes...
     [68%] Downloaded 333116 bytes...
     [69%] Downloaded 338684 bytes...
     [69%] Downloaded 341116 bytes...
     [70%] Downloaded 346876 bytes...
     [71%] Downloaded 349116 bytes...
     [72%] Downloaded 355068 bytes...
     [72%] Downloaded 357116 bytes...
     [74%] Downloaded 363260 bytes...
     [74%] Downloaded 365116 bytes...
     [75%] Downloaded 371452 bytes...
     [76%] Downloaded 373116 bytes...
     [77%] Downloaded 379644 bytes...
     [77%] Downloaded 381116 bytes...
     [79%] Downloaded 387836 bytes...
     [79%] Downloaded 389116 bytes...
     [80%] Downloaded 396028 bytes...
     [81%] Downloaded 397116 bytes...
     [82%] Downloaded 404220 bytes...
     [82%] Downloaded 405116 bytes...
     [84%] Downloaded 412412 bytes...
     [84%] Downloaded 413116 bytes...
     [85%] Downloaded 420604 bytes...
     [85%] Downloaded 421116 bytes...
     [87%] Downloaded 428796 bytes...
     [87%] Downloaded 429116 bytes...
     [89%] Downloaded 436988 bytes...
     [89%] Downloaded 437116 bytes...
     [90%] Downloaded 445116 bytes...
     [90%] Downloaded 445180 bytes...
     [92%] Downloaded 453116 bytes...
     [92%] Downloaded 453372 bytes...
     [94%] Downloaded 461116 bytes...
     [94%] Downloaded 461564 bytes...
     [95%] Downloaded 469116 bytes...
     [95%] Downloaded 469756 bytes...
     [97%] Downloaded 477116 bytes...
     [97%] Downloaded 477948 bytes...
     [99%] Downloaded 485116 bytes...
     [99%] Downloaded 486140 bytes...
     [100%] Downloaded 489830 bytes...
    
     [77%] Downloaded 2571 bytes...
     [100%] Downloaded 3337 bytes...
    
     [100%] Downloaded 1325 bytes...
    
     [100%] Downloaded 6681 bytes...
    
     [7%] Downloaded 14926 bytes...
     [14%] Downloaded 31246 bytes...
     [22%] Downloaded 47566 bytes...
     [30%] Downloaded 63886 bytes...
     [36%] Downloaded 77858 bytes...
     [44%] Downloaded 94178 bytes...
     [52%] Downloaded 110498 bytes...
     [60%] Downloaded 126818 bytes...
     [67%] Downloaded 143138 bytes...
     [75%] Downloaded 159458 bytes...
     [83%] Downloaded 175778 bytes...
     [91%] Downloaded 192098 bytes...
     [98%] Downloaded 208418 bytes...
     [100%] Downloaded 210851 bytes...
    Quitting from lines 144-163 (getstarted.Rmd)
    Error: processing vignette 'getstarted.Rmd' failed with diagnostics:
    'names' attribute [60] must be the same length as the vector [2]
    --- failed re-building 'getstarted.Rmd'
    
    SUMMARY: processing the following file failed:
     'getstarted.Rmd'
    
    Error: Vignette re-building failed.
    Execution halted
Flavor: r-devel-linux-x86_64-debian-clang