Last updated on 2020-09-17 02:08:08 CEST.
Flavor | Version | Tinstall | Tcheck | Ttotal | Status | Flags |
---|---|---|---|---|---|---|
r-devel-linux-x86_64-debian-clang | 1.3.2 | 334.32 | 374.49 | 708.81 | OK | |
r-devel-linux-x86_64-debian-gcc | 1.3.2 | 285.69 | 279.87 | 565.56 | OK | |
r-devel-linux-x86_64-fedora-clang | 1.3.2 | 1012.32 | NOTE | |||
r-devel-linux-x86_64-fedora-gcc | 1.3.2 | 957.41 | OK | |||
r-devel-windows-ix86+x86_64 | 1.3.1 | 765.00 | 627.00 | 1392.00 | NOTE | |
r-patched-linux-x86_64 | 1.3.2 | 291.19 | 369.14 | 660.33 | OK | |
r-patched-solaris-x86 | 1.3.2 | 956.90 | NOTE | |||
r-release-linux-x86_64 | 1.3.2 | 285.36 | 372.65 | 658.01 | OK | |
r-release-macos-x86_64 | 1.3.2 | NOTE | ||||
r-release-windows-ix86+x86_64 | 1.3.2 | 677.00 | 638.00 | 1315.00 | NOTE | |
r-oldrel-macos-x86_64 | 1.3.2 | NOTE | ||||
r-oldrel-windows-ix86+x86_64 | 1.3.2 | 588.00 | 488.00 | 1076.00 | NOTE |
Version: 1.3.2
Check: installed package size
Result: NOTE
installed size is 5.8Mb
sub-directories of 1Mb or more:
doc 1.9Mb
libs 2.0Mb
Flavors: r-devel-linux-x86_64-fedora-clang, r-patched-solaris-x86, r-release-macos-x86_64, r-release-windows-ix86+x86_64, r-oldrel-macos-x86_64, r-oldrel-windows-ix86+x86_64
Version: 1.3.1
Check: installed package size
Result: NOTE
installed size is 8.9Mb
sub-directories of 1Mb or more:
doc 1.9Mb
libs 5.2Mb
Flavor: r-devel-windows-ix86+x86_64