Last updated on 2020-09-17 02:08:09 CEST.
Flavor | Version | Tinstall | Tcheck | Ttotal | Status | Flags |
---|---|---|---|---|---|---|
r-devel-linux-x86_64-debian-clang | 2.0.0 | 11.39 | 55.46 | 66.85 | OK | |
r-devel-linux-x86_64-debian-gcc | 2.0.0 | 9.77 | 42.71 | 52.48 | OK | |
r-devel-linux-x86_64-fedora-clang | 2.0.0 | 92.33 | NOTE | |||
r-devel-linux-x86_64-fedora-gcc | 2.0.0 | 81.16 | NOTE | |||
r-devel-windows-ix86+x86_64 | 2.0.0 | 26.00 | 79.00 | 105.00 | OK | |
r-patched-linux-x86_64 | 2.0.0 | 10.31 | 53.55 | 63.86 | OK | |
r-patched-solaris-x86 | 2.0.0 | 119.00 | NOTE | |||
r-release-linux-x86_64 | 2.0.0 | 10.80 | 53.49 | 64.29 | OK | |
r-release-macos-x86_64 | 2.0.0 | NOTE | ||||
r-release-windows-ix86+x86_64 | 2.0.0 | 21.00 | 62.00 | 83.00 | OK | |
r-oldrel-macos-x86_64 | 2.0.0 | NOTE | ||||
r-oldrel-windows-ix86+x86_64 | 2.0.0 | 27.00 | 73.00 | 100.00 | OK |
Version: 2.0.0
Check: data for non-ASCII characters
Result: NOTE
Note: found 92 marked UTF-8 strings
Flavors: r-devel-linux-x86_64-fedora-clang, r-devel-linux-x86_64-fedora-gcc, r-patched-solaris-x86, r-release-macos-x86_64, r-oldrel-macos-x86_64