CRAN Package Check Results for Package covidregionaldata

Last updated on 2020-09-17 02:08:09 CEST.

Flavor Version Tinstall Tcheck Ttotal Status Flags
r-devel-linux-x86_64-debian-clang 0.6.0 7.80 71.63 79.43 OK
r-devel-linux-x86_64-debian-gcc 0.6.0 6.09 54.81 60.90 OK
r-devel-linux-x86_64-fedora-clang 0.6.0 107.82 NOTE
r-devel-linux-x86_64-fedora-gcc 0.6.0 93.91 NOTE
r-devel-windows-ix86+x86_64 0.6.0 18.00 110.00 128.00 OK
r-patched-linux-x86_64 0.6.0 8.03 68.72 76.75 OK
r-patched-solaris-x86 0.6.0 148.50 NOTE
r-release-linux-x86_64 0.6.0 7.73 70.20 77.93 OK
r-release-macos-x86_64 0.6.0 NOTE
r-release-windows-ix86+x86_64 0.6.0 18.00 111.00 129.00 OK
r-oldrel-macos-x86_64 0.6.0 ERROR
r-oldrel-windows-ix86+x86_64 0.6.0 18.00 104.00 122.00 ERROR

Check Details

Version: 0.6.0
Check: dependencies in R code
Result: NOTE
    Namespaces in Imports field not imported from:
     ‘magrittr’ ‘yaml’
     All declared Imports should be used.
Flavors: r-devel-linux-x86_64-fedora-clang, r-devel-linux-x86_64-fedora-gcc, r-patched-solaris-x86, r-release-macos-x86_64, r-oldrel-macos-x86_64

Version: 0.6.0
Check: tests
Result: ERROR
     Running ‘spelling.R’ [0s/0s]
     Running ‘testthat.R’ [17s/24s]
    Running the tests in ‘tests/testthat.R’ failed.
    Last 13 lines of output:
     ── 1. Failure: convert_to_Covid19R_format converts correctly (@test-utils.R#103)
     `returned` not equal to `expected_data`.
     Component "date": Modes: character, numeric
     Component "date": Attributes: < target is NULL, current is list >
     Component "date": target is character, current is factor
     Component "location": Modes: character, numeric
     Component "location": Attributes: < target is NULL, current is list >
     Component "location": target is character, current is factor
    
     ══ testthat results ═══════════════════════════════════════════════════════════
     [ OK: 22 | SKIPPED: 46 | WARNINGS: 0 | FAILED: 1 ]
     1. Failure: convert_to_Covid19R_format converts correctly (@test-utils.R#103)
    
     Error: testthat unit tests failed
     Execution halted
Flavor: r-oldrel-macos-x86_64

Version: 0.6.0
Check: tests
Result: ERROR
     Running 'spelling.R' [0s]
     Running 'testthat.R' [34s]
    Running the tests in 'tests/testthat.R' failed.
    Complete output:
     > library(testthat)
     > library(covidregionaldata)
     > source("testthat/custom_tests/mock_data.R")
     >
     > test_check("covidregionaldata")
     -- 1. Failure: convert_to_Covid19R_format converts correctly (@test-utils.R#103)
     `returned` not equal to `expected_data`.
     Component "date": Modes: character, numeric
     Component "date": Attributes: < target is NULL, current is list >
     Component "date": target is character, current is factor
     Component "location": Modes: character, numeric
     Component "location": Attributes: < target is NULL, current is list >
     Component "location": target is character, current is factor
    
     == testthat results ===========================================================
     [ OK: 22 | SKIPPED: 46 | WARNINGS: 0 | FAILED: 1 ]
     1. Failure: convert_to_Covid19R_format converts correctly (@test-utils.R#103)
    
     Error: testthat unit tests failed
     Execution halted
Flavor: r-oldrel-windows-ix86+x86_64