Last updated on 2020-09-17 02:08:09 CEST.
Flavor | Version | Tinstall | Tcheck | Ttotal | Status | Flags |
---|---|---|---|---|---|---|
r-devel-linux-x86_64-debian-clang | 0.4-0 | 2.97 | 26.76 | 29.73 | OK | |
r-devel-linux-x86_64-debian-gcc | 0.4-0 | 2.13 | 21.02 | 23.15 | OK | |
r-devel-linux-x86_64-fedora-clang | 0.4-0 | 45.30 | NOTE | |||
r-devel-linux-x86_64-fedora-gcc | 0.4-0 | 35.73 | OK | |||
r-devel-windows-ix86+x86_64 | 0.4-0 | 5.00 | 45.00 | 50.00 | OK | |
r-patched-linux-x86_64 | 0.4-0 | 2.51 | 26.15 | 28.66 | OK | |
r-patched-solaris-x86 | 0.4-0 | 51.90 | OK | |||
r-release-linux-x86_64 | 0.4-0 | 2.58 | 26.28 | 28.86 | OK | |
r-release-macos-x86_64 | 0.4-0 | OK | ||||
r-release-windows-ix86+x86_64 | 0.4-0 | 6.00 | 41.00 | 47.00 | OK | |
r-oldrel-macos-x86_64 | 0.4-0 | OK | ||||
r-oldrel-windows-ix86+x86_64 | 0.4-0 | 5.00 | 38.00 | 43.00 | OK |
Version: 0.4-0
Check: Rd cross-references
Result: NOTE
Undeclared package ‘anytime’ in Rd xrefs
Flavor: r-devel-linux-x86_64-fedora-clang