CRAN Package Check Results for Package delayed

Last updated on 2020-09-17 02:08:09 CEST.

Flavor Version Tinstall Tcheck Ttotal Status Flags
r-devel-linux-x86_64-debian-clang 0.3.0 6.36 54.57 60.93 OK
r-devel-linux-x86_64-debian-gcc 0.3.0 5.15 39.92 45.07 OK
r-devel-linux-x86_64-fedora-clang 0.3.0 79.18 NOTE
r-devel-linux-x86_64-fedora-gcc 0.3.0 70.80 NOTE
r-devel-windows-ix86+x86_64 0.3.0 14.00 76.00 90.00 OK
r-patched-linux-x86_64 0.3.0 6.92 51.91 58.83 OK
r-patched-solaris-x86 0.3.0 101.50 WARN
r-release-linux-x86_64 0.3.0 5.59 51.57 57.16 OK
r-release-macos-x86_64 0.3.0 WARN
r-release-windows-ix86+x86_64 0.3.0 14.00 79.00 93.00 OK
r-oldrel-macos-x86_64 0.3.0 WARN
r-oldrel-windows-ix86+x86_64 0.3.0 12.00 86.00 98.00 OK

Check Details

Version: 0.3.0
Check: dependencies in R code
Result: NOTE
    Namespace in Imports field not imported from: ‘assertthat’
     All declared Imports should be used.
Flavors: r-devel-linux-x86_64-fedora-clang, r-devel-linux-x86_64-fedora-gcc, r-patched-solaris-x86, r-release-macos-x86_64, r-oldrel-macos-x86_64

Version: 0.3.0
Check: re-building of vignette outputs
Result: WARN
    Error(s) in re-building vignettes:
     ...
    --- re-building ‘delayed.Rmd’ using rmarkdown
    Warning in engine$weave(file, quiet = quiet, encoding = enc) :
     Pandoc (>= 1.12.3) and/or pandoc-citeproc not available. Falling back to R Markdown v1.
    Quitting from lines 97-98 (delayed.Rmd)
    Error: processing vignette 'delayed.Rmd' failed with diagnostics:
    there is no package called 'webshot'
    --- failed re-building ‘delayed.Rmd’
    
    SUMMARY: processing the following file failed:
     ‘delayed.Rmd’
    
    Error: Vignette re-building failed.
    Execution halted
Flavor: r-patched-solaris-x86

Version: 0.3.0
Check: re-building of vignette outputs
Result: WARN
    Error(s) in re-building vignettes:
     ...
    --- re-building ‘delayed.Rmd’ using rmarkdown
    Warning in engine$weave(file, quiet = quiet, encoding = enc) :
     Pandoc (>= 1.12.3) and/or pandoc-citeproc not available. Falling back to R Markdown v1.
    Quitting from lines 97-98 (delayed.Rmd)
    Error: processing vignette 'delayed.Rmd' failed with diagnostics:
    cannot open the connection
    --- failed re-building ‘delayed.Rmd’
    
    SUMMARY: processing the following file failed:
     ‘delayed.Rmd’
    
    Error: Vignette re-building failed.
    Execution halted
Flavors: r-release-macos-x86_64, r-oldrel-macos-x86_64