CRAN Package Check Results for Package dextergui

Last updated on 2020-09-17 02:08:10 CEST.

Flavor Version Tinstall Tcheck Ttotal Status Flags
r-devel-linux-x86_64-debian-clang 0.2.2 13.76 87.86 101.62 OK
r-devel-linux-x86_64-debian-gcc 0.2.2 13.72 64.93 78.65 OK
r-devel-linux-x86_64-fedora-clang 0.2.2 143.99 NOTE
r-devel-linux-x86_64-fedora-gcc 0.2.2 135.19 OK
r-devel-windows-ix86+x86_64 0.2.2 34.00 115.00 149.00 OK
r-patched-linux-x86_64 0.2.2 14.34 84.26 98.60 OK
r-patched-solaris-x86 0.2.2 184.00 OK
r-release-linux-x86_64 0.2.2 14.91 83.03 97.94 OK
r-release-macos-x86_64 0.2.2 OK
r-release-windows-ix86+x86_64 0.2.2 33.00 117.00 150.00 OK
r-oldrel-macos-x86_64 0.2.2 OK
r-oldrel-windows-ix86+x86_64 0.2.2 36.00 104.00 140.00 OK

Check Details

Version: 0.2.2
Check: package dependencies
Result: NOTE
    Imports includes 22 non-default packages.
    Importing from so many packages makes the package vulnerable to any of
    them becoming unavailable. Move as many as possible to Suggests and
    use conditionally.
Flavor: r-devel-linux-x86_64-fedora-clang