CRAN Package Check Results for Package dfoliatR

Last updated on 2020-09-17 02:08:10 CEST.

Flavor Version Tinstall Tcheck Ttotal Status Flags
r-devel-linux-x86_64-debian-clang 0.2.0 6.21 74.29 80.50 OK
r-devel-linux-x86_64-debian-gcc 0.2.0 4.80 55.90 60.70 OK
r-devel-linux-x86_64-fedora-clang 0.2.0 102.65 NOTE
r-devel-linux-x86_64-fedora-gcc 0.2.0 92.59 NOTE
r-devel-windows-ix86+x86_64 0.2.0 14.00 110.00 124.00 OK
r-patched-linux-x86_64 0.2.0 5.02 70.91 75.93 OK
r-patched-solaris-x86 0.2.0 136.70 NOTE
r-release-linux-x86_64 0.2.0 4.16 70.21 74.37 OK
r-release-macos-x86_64 0.2.0 NOTE
r-release-windows-ix86+x86_64 0.2.0 13.00 108.00 121.00 OK
r-oldrel-macos-x86_64 0.2.0 NOTE
r-oldrel-windows-ix86+x86_64 0.2.0 10.00 100.00 110.00 OK

Check Details

Version: 0.2.0
Check: dependencies in R code
Result: NOTE
    Namespaces in Imports field not imported from:
     ‘MASS’ ‘plyr’
     All declared Imports should be used.
Flavors: r-devel-linux-x86_64-fedora-clang, r-devel-linux-x86_64-fedora-gcc, r-patched-solaris-x86, r-release-macos-x86_64, r-oldrel-macos-x86_64