Last updated on 2020-09-17 02:08:10 CEST.
Flavor | Version | Tinstall | Tcheck | Ttotal | Status | Flags |
---|---|---|---|---|---|---|
r-devel-linux-x86_64-debian-clang | 1.0.0 | 34.00 | 201.76 | 235.76 | OK | |
r-devel-linux-x86_64-debian-gcc | 1.0.0 | 20.76 | 146.88 | 167.64 | OK | |
r-devel-linux-x86_64-fedora-clang | 1.0.0 | 286.00 | NOTE | |||
r-devel-linux-x86_64-fedora-gcc | 1.0.0 | 274.33 | OK | |||
r-devel-windows-ix86+x86_64 | 1.0.0 | 72.00 | 506.00 | 578.00 | OK | |
r-patched-linux-x86_64 | 1.0.0 | 19.07 | 193.41 | 212.48 | OK | |
r-patched-solaris-x86 | 1.0.0 | 432.00 | OK | |||
r-release-linux-x86_64 | 1.0.0 | 16.87 | 193.57 | 210.44 | OK | |
r-release-macos-x86_64 | 1.0.0 | OK | ||||
r-release-windows-ix86+x86_64 | 1.0.0 | 70.00 | 499.00 | 569.00 | OK | |
r-oldrel-macos-x86_64 | 1.0.0 | OK | ||||
r-oldrel-windows-ix86+x86_64 | 1.0.0 | 64.00 | 469.00 | 533.00 | OK |
Version: 1.0.0
Check: Rd cross-references
Result: NOTE
Undeclared package ‘RColorBrewer’ in Rd xrefs
Flavor: r-devel-linux-x86_64-fedora-clang