CRAN Package Check Results for Package dimRed

Last updated on 2020-09-17 02:08:10 CEST.

Flavor Version Tinstall Tcheck Ttotal Status Flags
r-devel-linux-x86_64-debian-clang 0.2.3 18.11 277.68 295.79 OK
r-devel-linux-x86_64-debian-gcc 0.2.3 17.86 206.06 223.92 OK
r-devel-linux-x86_64-fedora-clang 0.2.3 358.01 NOTE
r-devel-linux-x86_64-fedora-gcc 0.2.3 364.35 OK
r-devel-windows-ix86+x86_64 0.2.3 40.00 337.00 377.00 OK
r-patched-linux-x86_64 0.2.3 21.96 265.90 287.86 OK
r-patched-solaris-x86 0.2.3 470.10 OK
r-release-linux-x86_64 0.2.3 19.73 262.47 282.20 OK
r-release-macos-x86_64 0.2.3 NOTE
r-release-windows-ix86+x86_64 0.2.3 41.00 257.00 298.00 OK
r-oldrel-macos-x86_64 0.2.3 NOTE
r-oldrel-windows-ix86+x86_64 0.2.3 37.00 316.00 353.00 OK

Check Details

Version: 0.2.3
Check: Rd cross-references
Result: NOTE
    Undeclared package ‘CVST’ in Rd xrefs
Flavor: r-devel-linux-x86_64-fedora-clang

Version: 0.2.3
Check: package dependencies
Result: NOTE
    Package suggested but not available for checking: ‘pcaL1’
Flavors: r-release-macos-x86_64, r-oldrel-macos-x86_64