Last updated on 2020-09-17 02:08:10 CEST.
Flavor | Version | Tinstall | Tcheck | Ttotal | Status | Flags |
---|---|---|---|---|---|---|
r-devel-linux-x86_64-debian-clang | 0.1.0 | 70.09 | 70.45 | 140.54 | OK | |
r-devel-linux-x86_64-debian-gcc | 0.1.0 | 50.62 | 54.27 | 104.89 | OK | |
r-devel-linux-x86_64-fedora-clang | 0.1.0 | 195.85 | OK | |||
r-devel-linux-x86_64-fedora-gcc | 0.1.0 | 180.26 | OK | |||
r-devel-windows-ix86+x86_64 | 0.1.0 | 175.00 | 149.00 | 324.00 | OK | |
r-patched-linux-x86_64 | 0.1.0 | 54.21 | 69.57 | 123.78 | OK | |
r-patched-solaris-x86 | 0.1.0 | 178.90 | NOTE | |||
r-release-linux-x86_64 | 0.1.0 | 55.77 | 69.85 | 125.62 | OK | |
r-release-macos-x86_64 | 0.1.0 | OK | ||||
r-release-windows-ix86+x86_64 | 0.1.0 | 176.00 | 153.00 | 329.00 | OK | |
r-oldrel-macos-x86_64 | 0.1.0 | OK | ||||
r-oldrel-windows-ix86+x86_64 | 0.1.0 | 159.00 | 136.00 | 295.00 | OK |
Version: 0.1.0
Check: package dependencies
Result: NOTE
Package suggested but not available for checking: ‘RcppRedis’
Flavor: r-patched-solaris-x86