Last updated on 2020-09-17 02:08:10 CEST.
Flavor | Version | Tinstall | Tcheck | Ttotal | Status | Flags |
---|---|---|---|---|---|---|
r-devel-linux-x86_64-debian-clang | 2.8.0 | 39.97 | 228.00 | 267.97 | OK | |
r-devel-linux-x86_64-debian-gcc | 2.8.0 | 26.68 | 169.16 | 195.84 | OK | |
r-devel-linux-x86_64-fedora-clang | 2.8.0 | 240.19 | NOTE | |||
r-devel-linux-x86_64-fedora-gcc | 2.8.0 | 233.68 | OK | |||
r-devel-windows-ix86+x86_64 | 2.8.0 | 60.00 | 450.00 | 510.00 | OK | |
r-patched-linux-x86_64 | 2.8.0 | 35.07 | 219.78 | 254.85 | OK | |
r-patched-solaris-x86 | 2.8.0 | 285.10 | OK | |||
r-release-linux-x86_64 | 2.8.0 | 35.42 | 221.49 | 256.91 | OK | |
r-release-macos-x86_64 | 2.8.0 | OK | ||||
r-release-windows-ix86+x86_64 | 2.8.0 | 69.00 | 360.00 | 429.00 | OK | |
r-oldrel-macos-x86_64 | 2.8.0 | OK | ||||
r-oldrel-windows-ix86+x86_64 | 2.8.0 | 43.00 | 417.00 | 460.00 | OK |
Version: 2.8.0
Check: Rd cross-references
Result: NOTE
Undeclared packages ‘distrMod’, ‘RobAStBase’ in Rd xrefs
Flavor: r-devel-linux-x86_64-fedora-clang