Last updated on 2020-09-17 02:08:10 CEST.
Flavor | Version | Tinstall | Tcheck | Ttotal | Status | Flags |
---|---|---|---|---|---|---|
r-devel-linux-x86_64-debian-clang | 1.0.15 | 2.66 | 120.79 | 123.45 | NOTE | |
r-devel-linux-x86_64-debian-gcc | 1.0.15 | 1.94 | 94.66 | 96.60 | NOTE | |
r-devel-linux-x86_64-fedora-clang | 1.0.15 | 153.04 | OK | |||
r-devel-linux-x86_64-fedora-gcc | 1.0.15 | 144.16 | OK | |||
r-devel-windows-ix86+x86_64 | 1.0.15 | 8.00 | 161.00 | 169.00 | OK | |
r-patched-linux-x86_64 | 1.0.15 | 2.60 | 120.25 | 122.85 | NOTE | |
r-patched-solaris-x86 | 1.0.15 | 301.30 | OK | |||
r-release-linux-x86_64 | 1.0.15 | 2.49 | 120.18 | 122.67 | NOTE | |
r-release-macos-x86_64 | 1.0.15 | OK | ||||
r-release-windows-ix86+x86_64 | 1.0.15 | 7.00 | 134.00 | 141.00 | OK | |
r-oldrel-macos-x86_64 | 1.0.15 | OK | ||||
r-oldrel-windows-ix86+x86_64 | 1.0.15 | 3.00 | 153.00 | 156.00 | OK |
Version: 1.0.15
Check: R code for possible problems
Result: NOTE
Found the following calls to attach():
File 'doParallel/R/doParallel.R':
attach(exportEnv)
See section 'Good practice' in '?attach'.
Flavors: r-devel-linux-x86_64-debian-clang, r-devel-linux-x86_64-debian-gcc, r-patched-linux-x86_64, r-release-linux-x86_64