CRAN Package Check Results for Package dplyrAssist

Last updated on 2020-09-17 02:08:10 CEST.

Flavor Version Tinstall Tcheck Ttotal Status Flags
r-devel-linux-x86_64-debian-clang 0.1.0 4.97 42.11 47.08 OK
r-devel-linux-x86_64-debian-gcc 0.1.0 4.20 32.79 36.99 OK
r-devel-linux-x86_64-fedora-clang 0.1.0 66.83 NOTE
r-devel-linux-x86_64-fedora-gcc 0.1.0 57.95 NOTE
r-devel-windows-ix86+x86_64 0.1.0 13.00 71.00 84.00 OK
r-patched-linux-x86_64 0.1.0 5.03 41.39 46.42 OK
r-patched-solaris-x86 0.1.0 93.80 NOTE
r-release-linux-x86_64 0.1.0 5.12 42.20 47.32 OK
r-release-macos-x86_64 0.1.0 NOTE
r-release-windows-ix86+x86_64 0.1.0 14.00 70.00 84.00 OK
r-oldrel-macos-x86_64 0.1.0 NOTE
r-oldrel-windows-ix86+x86_64 0.1.0 19.00 65.00 84.00 OK

Check Details

Version: 0.1.0
Check: dependencies in R code
Result: NOTE
    Namespaces in Imports field not imported from:
     ‘tidyr’ ‘tidyverse’
     All declared Imports should be used.
Flavors: r-devel-linux-x86_64-fedora-clang, r-devel-linux-x86_64-fedora-gcc, r-patched-solaris-x86, r-release-macos-x86_64, r-oldrel-macos-x86_64