Last updated on 2020-09-17 02:08:10 CEST.
Flavor | Version | Tinstall | Tcheck | Ttotal | Status | Flags |
---|---|---|---|---|---|---|
r-devel-linux-x86_64-debian-clang | 1.0.2 | 27.43 | 100.74 | 128.17 | OK | |
r-devel-linux-x86_64-debian-gcc | 1.0.2 | 21.49 | 76.05 | 97.54 | OK | |
r-devel-linux-x86_64-fedora-clang | 1.0.2 | 178.60 | NOTE | |||
r-devel-linux-x86_64-fedora-gcc | 1.0.2 | 173.38 | NOTE | |||
r-devel-windows-ix86+x86_64 | 1.0.2 | 51.00 | 137.00 | 188.00 | OK | |
r-patched-linux-x86_64 | 1.0.2 | 24.22 | 98.78 | 123.00 | OK | |
r-patched-solaris-x86 | 1.0.2 | 252.90 | NOTE | |||
r-release-linux-x86_64 | 1.0.2 | 26.08 | 98.78 | 124.86 | OK | |
r-release-macos-x86_64 | 1.0.2 | NOTE | ||||
r-release-windows-ix86+x86_64 | 1.0.2 | 51.00 | 131.00 | 182.00 | OK | |
r-oldrel-macos-x86_64 | 1.0.2 | NOTE | ||||
r-oldrel-windows-ix86+x86_64 | 1.0.2 | 51.00 | 123.00 | 174.00 | OK |
Version: 1.0.2
Check: package dependencies
Result: NOTE
Imports includes 32 non-default packages.
Importing from so many packages makes the package vulnerable to any of
them becoming unavailable. Move as many as possible to Suggests and
use conditionally.
Flavor: r-devel-linux-x86_64-fedora-clang
Version: 1.0.2
Check: dependencies in R code
Result: NOTE
Namespace in Imports field not imported from: ‘htmltools’
All declared Imports should be used.
Flavors: r-devel-linux-x86_64-fedora-clang, r-devel-linux-x86_64-fedora-gcc, r-patched-solaris-x86, r-release-macos-x86_64, r-oldrel-macos-x86_64