Last updated on 2020-09-17 02:08:11 CEST.
Flavor | Version | Tinstall | Tcheck | Ttotal | Status | Flags |
---|---|---|---|---|---|---|
r-devel-linux-x86_64-debian-clang | 1.1-11 | 10.35 | 112.24 | 122.59 | OK | |
r-devel-linux-x86_64-debian-gcc | 1.1-11 | 9.34 | 85.89 | 95.23 | OK | |
r-devel-linux-x86_64-fedora-clang | 1.1-11 | 158.82 | NOTE | |||
r-devel-linux-x86_64-fedora-gcc | 1.1-11 | 152.04 | OK | |||
r-devel-windows-ix86+x86_64 | 1.1-11 | 27.00 | 175.00 | 202.00 | OK | |
r-patched-linux-x86_64 | 1.1-11 | 10.63 | 111.01 | 121.64 | OK | |
r-patched-solaris-x86 | 1.1-11 | 223.00 | OK | |||
r-release-linux-x86_64 | 1.1-11 | 11.67 | 114.35 | 126.02 | OK | |
r-release-macos-x86_64 | 1.1-11 | OK | ||||
r-release-windows-ix86+x86_64 | 1.1-11 | 30.00 | 167.00 | 197.00 | OK | |
r-oldrel-macos-x86_64 | 1.1-11 | OK | ||||
r-oldrel-windows-ix86+x86_64 | 1.1-11 | 18.00 | 207.00 | 225.00 | OK |
Version: 1.1-11
Check: Rd cross-references
Result: NOTE
Undeclared package ‘dixon’ in Rd xrefs
Flavor: r-devel-linux-x86_64-fedora-clang