CRAN Package Check Results for Package electionsBR

Last updated on 2020-09-17 02:08:11 CEST.

Flavor Version Tinstall Tcheck Ttotal Status Flags
r-devel-linux-x86_64-debian-clang 0.3.1 4.44 39.62 44.06 OK
r-devel-linux-x86_64-debian-gcc 0.3.1 3.75 29.97 33.72 OK
r-devel-linux-x86_64-fedora-clang 0.3.1 63.70 NOTE
r-devel-linux-x86_64-fedora-gcc 0.3.1 54.19 NOTE
r-devel-windows-ix86+x86_64 0.3.1 11.00 58.00 69.00 OK
r-patched-linux-x86_64 0.3.1 4.64 37.96 42.60 OK
r-patched-solaris-x86 0.3.1 74.70 NOTE
r-release-linux-x86_64 0.3.1 4.75 38.21 42.96 OK
r-release-macos-x86_64 0.3.1 NOTE
r-release-windows-ix86+x86_64 0.3.1 11.00 57.00 68.00 OK
r-oldrel-macos-x86_64 0.3.1 NOTE
r-oldrel-windows-ix86+x86_64 0.3.1 17.00 60.00 77.00 OK

Check Details

Version: 0.3.1
Check: dependencies in R code
Result: NOTE
    Namespace in Imports field not imported from: ‘stats’
     All declared Imports should be used.
Flavors: r-devel-linux-x86_64-fedora-clang, r-devel-linux-x86_64-fedora-gcc, r-patched-solaris-x86, r-release-macos-x86_64, r-oldrel-macos-x86_64