Last updated on 2020-09-17 02:08:11 CEST.
Flavor | Version | Tinstall | Tcheck | Ttotal | Status | Flags |
---|---|---|---|---|---|---|
r-devel-linux-x86_64-debian-clang | 0.3-0 | 121.10 | 201.32 | 322.42 | OK | |
r-devel-linux-x86_64-debian-gcc | 0.3-0 | 94.68 | 150.47 | 245.15 | OK | |
r-devel-linux-x86_64-fedora-clang | 0.3-0 | 422.76 | NOTE | |||
r-devel-linux-x86_64-fedora-gcc | 0.3-0 | 408.46 | OK | |||
r-devel-windows-ix86+x86_64 | 0.3-0 | 253.00 | 420.00 | 673.00 | OK | |
r-patched-linux-x86_64 | 0.3-0 | 99.35 | 192.17 | 291.52 | OK | |
r-patched-solaris-x86 | 0.3-0 | 490.40 | OK | |||
r-release-linux-x86_64 | 0.3-0 | 97.07 | 191.04 | 288.11 | OK | |
r-release-macos-x86_64 | 0.3-0 | NOTE | ||||
r-release-windows-ix86+x86_64 | 0.3-0 | 253.00 | 409.00 | 662.00 | OK | |
r-oldrel-macos-x86_64 | 0.3-0 | NOTE | ||||
r-oldrel-windows-ix86+x86_64 | 0.3-0 | 206.00 | 376.00 | 582.00 | OK |
Version: 0.3-0
Check: installed package size
Result: NOTE
installed size is 6.1Mb
sub-directories of 1Mb or more:
libs 4.7Mb
Flavors: r-devel-linux-x86_64-fedora-clang, r-release-macos-x86_64, r-oldrel-macos-x86_64