Last updated on 2020-09-17 02:08:11 CEST.
Flavor | Version | Tinstall | Tcheck | Ttotal | Status | Flags |
---|---|---|---|---|---|---|
r-devel-linux-x86_64-debian-clang | 2.4.5 | 22.11 | 94.30 | 116.41 | NOTE | |
r-devel-linux-x86_64-debian-gcc | 2.4.5 | 17.30 | 72.20 | 89.50 | NOTE | |
r-devel-linux-x86_64-fedora-clang | 2.4.5 | 164.56 | OK | |||
r-devel-linux-x86_64-fedora-gcc | 2.4.5 | 156.33 | OK | |||
r-devel-windows-ix86+x86_64 | 2.4.5 | 51.00 | 160.00 | 211.00 | OK | |
r-patched-linux-x86_64 | 2.4.5 | 19.14 | 91.30 | 110.44 | NOTE | |
r-patched-solaris-x86 | 2.4.5 | 196.10 | NOTE | |||
r-release-linux-x86_64 | 2.4.5 | 18.98 | 91.47 | 110.45 | NOTE | |
r-release-macos-x86_64 | 2.4.5 | NOTE | ||||
r-release-windows-ix86+x86_64 | 2.4.5 | 51.00 | 127.00 | 178.00 | OK | |
r-oldrel-macos-x86_64 | 2.4.5 | NOTE | ||||
r-oldrel-windows-ix86+x86_64 | 2.4.5 | 35.00 | 187.00 | 222.00 | OK |
Version: 2.4.5
Check: package dependencies
Result: NOTE
Package suggested but not available for checking: 'INLA'
Flavors: r-devel-linux-x86_64-debian-clang, r-devel-linux-x86_64-debian-gcc, r-patched-linux-x86_64, r-patched-solaris-x86, r-release-linux-x86_64, r-release-macos-x86_64, r-oldrel-macos-x86_64