Last updated on 2020-09-17 02:08:11 CEST.
Flavor | Version | Tinstall | Tcheck | Ttotal | Status | Flags |
---|---|---|---|---|---|---|
r-devel-linux-x86_64-debian-clang | 0.2.1 | 13.94 | 180.26 | 194.20 | OK | |
r-devel-linux-x86_64-debian-gcc | 0.2.1 | 11.99 | 133.77 | 145.76 | OK | |
r-devel-linux-x86_64-fedora-clang | 0.2.1 | 239.16 | NOTE | |||
r-devel-linux-x86_64-fedora-gcc | 0.2.1 | 248.71 | OK | |||
r-devel-windows-ix86+x86_64 | 0.2.1 | 29.00 | 231.00 | 260.00 | OK | |
r-patched-linux-x86_64 | 0.2.1 | 12.68 | 173.75 | 186.43 | OK | |
r-patched-solaris-x86 | 0.2.1 | 271.40 | OK | |||
r-release-linux-x86_64 | 0.2.1 | 13.64 | 174.12 | 187.76 | OK | |
r-release-macos-x86_64 | 0.2.1 | OK | ||||
r-release-windows-ix86+x86_64 | 0.2.1 | 31.00 | 223.00 | 254.00 | OK | |
r-oldrel-macos-x86_64 | 0.2.1 | OK | ||||
r-oldrel-windows-ix86+x86_64 | 0.2.1 | 29.00 | 222.00 | 251.00 | OK |
Version: 0.2.1
Check: Rd cross-references
Result: NOTE
Undeclared package ‘future’ in Rd xrefs
Flavor: r-devel-linux-x86_64-fedora-clang