Last updated on 2020-09-17 02:08:11 CEST.
Flavor | Version | Tinstall | Tcheck | Ttotal | Status | Flags |
---|---|---|---|---|---|---|
r-devel-linux-x86_64-debian-clang | 1.0-9 | 238.10 | 104.15 | 342.25 | OK | |
r-devel-linux-x86_64-debian-gcc | 1.0-9 | 235.65 | 91.78 | 327.43 | OK | |
r-devel-linux-x86_64-fedora-clang | 1.0-9 | 489.56 | NOTE | |||
r-devel-linux-x86_64-fedora-gcc | 1.0-9 | 564.29 | OK | |||
r-devel-windows-ix86+x86_64 | 1.0-9 | 529.00 | 196.00 | 725.00 | OK | |
r-patched-linux-x86_64 | 1.0-9 | 245.22 | 118.18 | 363.40 | OK | |
r-patched-solaris-x86 | 1.0-9 | 488.30 | OK | |||
r-release-linux-x86_64 | 1.0-9 | 241.71 | 118.57 | 360.28 | OK | |
r-release-macos-x86_64 | 1.0-9 | NOTE | ||||
r-release-windows-ix86+x86_64 | 1.0-9 | 507.00 | 145.00 | 652.00 | OK | |
r-oldrel-macos-x86_64 | 1.0-9 | WARN | ||||
r-oldrel-windows-ix86+x86_64 | 1.0-9 | 556.00 | 154.00 | 710.00 | OK |
Version: 1.0-9
Check: installed package size
Result: NOTE
installed size is 75.3Mb
sub-directories of 1Mb or more:
libs 74.9Mb
Flavors: r-devel-linux-x86_64-fedora-clang, r-release-macos-x86_64, r-oldrel-macos-x86_64
Version: 1.0-9
Check: whether package can be installed
Result: WARN
Found the following significant warnings:
Warning: 'rgl.init' failed, running with 'rgl.useNULL = TRUE'.
Flavor: r-oldrel-macos-x86_64