Last updated on 2020-09-17 02:08:11 CEST.
Flavor | Version | Tinstall | Tcheck | Ttotal | Status | Flags |
---|---|---|---|---|---|---|
r-devel-linux-x86_64-debian-clang | 1.1.0 | 2.86 | 630.29 | 633.15 | WARN | |
r-devel-linux-x86_64-debian-gcc | 1.1.0 | 2.48 | 568.57 | 571.05 | OK | |
r-devel-linux-x86_64-fedora-clang | 1.1.0 | 865.90 | OK | |||
r-devel-linux-x86_64-fedora-gcc | 1.1.0 | 868.76 | OK | |||
r-devel-windows-ix86+x86_64 | 1.1.0 | 21.00 | 821.00 | 842.00 | OK | |
r-patched-linux-x86_64 | 1.1.0 | 3.22 | 629.29 | 632.51 | WARN | |
r-patched-solaris-x86 | 1.1.0 | 1503.50 | OK | |||
r-release-linux-x86_64 | 1.1.0 | 3.55 | 629.02 | 632.57 | WARN | |
r-release-macos-x86_64 | 1.1.0 | OK | ||||
r-release-windows-ix86+x86_64 | 1.1.0 | 7.00 | 656.00 | 663.00 | OK | |
r-oldrel-macos-x86_64 | 1.1.0 | FAIL | ||||
r-oldrel-windows-ix86+x86_64 | 1.1.0 | 4.00 | 686.00 | 690.00 | OK |
Version: 1.1.0
Check: re-building of vignette outputs
Result: WARN
Error(s) in re-building vignettes:
...
--- re-building 'vignette.Rmd' using rmarkdown
Warning in engine$weave(file, quiet = quiet, encoding = enc) :
The vignette engine knitr::rmarkdown is not available, because the rmarkdown package is not installed. Please install it.
Loading required package: rainbow
Loading required package: MASS
Loading required package: pcaPP
Loading required package: RCurl
Killed
Flavors: r-devel-linux-x86_64-debian-clang, r-patched-linux-x86_64, r-release-linux-x86_64
Version: 1.1.0
Check: re-building of vignette outputs
Result: WARN
Error(s) in re-building vignettes:
...
--- re-building ‘vignette.Rmd’ using rmarkdown
Warning in engine$weave(file, quiet = quiet, encoding = enc) :
Pandoc (>= 1.12.3) and/or pandoc-citeproc not available. Falling back to R Markdown v1.
Loading required package: rainbow
Loading required package: MASS
Loading required package: pcaPP
Loading required package: RCurl
Loading required package: bitops
Execution halted
Flavor: r-oldrel-macos-x86_64
Version: 1.1.0
Check: PDF version of manual
Result: FAIL
Flavor: r-oldrel-macos-x86_64