Last updated on 2020-09-17 02:08:11 CEST.
Flavor | Version | Tinstall | Tcheck | Ttotal | Status | Flags |
---|---|---|---|---|---|---|
r-devel-linux-x86_64-debian-clang | 1.1 | 2.59 | 31.67 | 34.26 | NOTE | |
r-devel-linux-x86_64-debian-gcc | 1.1 | 2.06 | 24.94 | 27.00 | NOTE | |
r-devel-linux-x86_64-fedora-clang | 1.1 | 51.96 | NOTE | |||
r-devel-linux-x86_64-fedora-gcc | 1.1 | 45.99 | NOTE | |||
r-devel-windows-ix86+x86_64 | 1.1 | 7.00 | 53.00 | 60.00 | OK | |
r-patched-linux-x86_64 | 1.1 | 3.16 | 31.79 | 34.95 | NOTE | |
r-patched-solaris-x86 | 1.1 | 69.80 | NOTE | |||
r-release-linux-x86_64 | 1.1 | 3.11 | 31.45 | 34.56 | NOTE | |
r-release-macos-x86_64 | 1.1 | OK | ||||
r-release-windows-ix86+x86_64 | 1.1 | 7.00 | 56.00 | 63.00 | OK | |
r-oldrel-macos-x86_64 | 1.1 | OK | ||||
r-oldrel-windows-ix86+x86_64 | 1.1 | 3.00 | 86.00 | 89.00 | OK |
Version: 1.1
Check: for non-standard things in the check directory
Result: NOTE
Found the following files/directories:
'treesAll.txt'
Flavors: r-devel-linux-x86_64-debian-clang, r-devel-linux-x86_64-debian-gcc, r-devel-linux-x86_64-fedora-clang, r-devel-linux-x86_64-fedora-gcc, r-patched-linux-x86_64, r-patched-solaris-x86, r-release-linux-x86_64