CRAN Package Check Results for Package fitbitScraper

Last updated on 2020-09-17 02:08:12 CEST.

Flavor Version Tinstall Tcheck Ttotal Status Flags
r-devel-linux-x86_64-debian-clang 0.1.8 2.23 20.87 23.10 OK --no-vignettes
r-devel-linux-x86_64-debian-gcc 0.1.8 1.61 16.70 18.31 OK --no-vignettes
r-devel-linux-x86_64-fedora-clang 0.1.8 37.25 OK --no-vignettes
r-devel-linux-x86_64-fedora-gcc 0.1.8 28.90 OK --no-vignettes
r-devel-windows-ix86+x86_64 0.1.8 5.00 35.00 40.00 OK --no-vignettes
r-patched-linux-x86_64 0.1.8 2.22 21.01 23.23 OK --no-vignettes
r-patched-solaris-x86 0.1.8 44.10 OK --no-vignettes
r-release-linux-x86_64 0.1.8 2.34 20.91 23.25 OK --no-vignettes
r-release-macos-x86_64 0.1.8 WARN
r-release-windows-ix86+x86_64 0.1.8 6.00 31.00 37.00 OK --no-vignettes
r-oldrel-macos-x86_64 0.1.8 WARN
r-oldrel-windows-ix86+x86_64 0.1.8 3.00 38.00 41.00 OK --no-vignettes

Check Details

Version: 0.1.8
Check: re-building of vignette outputs
Result: WARN
    Error(s) in re-building vignettes:
     ...
    --- re-building ‘fitbitScraper-examples.Rmd’ using rmarkdown
    Warning in engine$weave(file, quiet = quiet, encoding = enc) :
     Pandoc (>= 1.12.3) and/or pandoc-citeproc not available. Falling back to R Markdown v1.
    Quitting from lines 22-24 (fitbitScraper-examples.Rmd)
    Error: processing vignette 'fitbitScraper-examples.Rmd' failed with diagnostics:
    login failed
    --- failed re-building ‘fitbitScraper-examples.Rmd’
    
    SUMMARY: processing the following file failed:
     ‘fitbitScraper-examples.Rmd’
    
    Error: Vignette re-building failed.
    Execution halted
Flavors: r-release-macos-x86_64, r-oldrel-macos-x86_64