Last updated on 2020-09-17 02:08:12 CEST.
Flavor | Version | Tinstall | Tcheck | Ttotal | Status | Flags |
---|---|---|---|---|---|---|
r-devel-linux-x86_64-debian-clang | 1.0.1 | 42.61 | 78.51 | 121.12 | OK | |
r-devel-linux-x86_64-debian-gcc | 1.0.1 | 32.75 | 60.81 | 93.56 | OK | |
r-devel-linux-x86_64-fedora-clang | 1.0.1 | 167.87 | NOTE | |||
r-devel-linux-x86_64-fedora-gcc | 1.0.1 | 157.00 | NOTE | |||
r-devel-windows-ix86+x86_64 | 1.0.1 | 107.00 | 151.00 | 258.00 | OK | |
r-patched-linux-x86_64 | 1.0.1 | 33.83 | 77.01 | 110.84 | OK | |
r-patched-solaris-x86 | 1.0.1 | 207.50 | NOTE | |||
r-release-linux-x86_64 | 1.0.1 | 34.90 | 76.55 | 111.45 | OK | |
r-release-macos-x86_64 | 1.0.1 | NOTE | ||||
r-release-windows-ix86+x86_64 | 1.0.1 | 107.00 | 145.00 | 252.00 | OK | |
r-oldrel-macos-x86_64 | 1.0.1 | NOTE | ||||
r-oldrel-windows-ix86+x86_64 | 1.0.1 | 98.00 | 228.00 | 326.00 | OK |
Version: 1.0.1
Check: dependencies in R code
Result: NOTE
Namespaces in Imports field not imported from:
‘rwavelet’ ‘scatterplot3d’
All declared Imports should be used.
Flavors: r-devel-linux-x86_64-fedora-clang, r-devel-linux-x86_64-fedora-gcc, r-patched-solaris-x86, r-release-macos-x86_64, r-oldrel-macos-x86_64