CRAN Package Check Results for Package gausscov

Last updated on 2020-09-17 02:08:12 CEST.

Flavor Version Tinstall Tcheck Ttotal Status Flags
r-devel-linux-x86_64-debian-clang 0.0.7 5.72 29.64 35.36 OK
r-devel-linux-x86_64-debian-gcc 0.0.7 4.21 23.09 27.30 OK
r-devel-linux-x86_64-fedora-clang 0.0.7 53.24 NOTE
r-devel-linux-x86_64-fedora-gcc 0.0.7 42.98 NOTE
r-devel-windows-ix86+x86_64 0.0.6 13.00 69.00 82.00 OK
r-patched-linux-x86_64 0.0.7 4.85 29.45 34.30 OK
r-patched-solaris-x86 0.0.7 57.10 OK
r-release-linux-x86_64 0.0.7 5.13 29.28 34.41 OK
r-release-macos-x86_64 0.0.7 OK
r-release-windows-ix86+x86_64 0.0.6 11.00 53.00 64.00 OK
r-oldrel-macos-x86_64 0.0.7 OK
r-oldrel-windows-ix86+x86_64 0.0.6 9.00 50.00 59.00 OK

Check Details

Version: 0.0.7
Check: compiled code
Result: NOTE
    File ‘gausscov/libs/gausscov.so’:
     Found no calls to: ‘R_registerRoutines’, ‘R_useDynamicSymbols’
    
    It is good practice to register native routines and to disable symbol
    search.
    
    See ‘Writing portable packages’ in the ‘Writing R Extensions’ manual.
Flavors: r-devel-linux-x86_64-fedora-clang, r-devel-linux-x86_64-fedora-gcc