Last updated on 2020-09-17 02:08:12 CEST.
Flavor | Version | Tinstall | Tcheck | Ttotal | Status | Flags |
---|---|---|---|---|---|---|
r-devel-linux-x86_64-debian-clang | 0.3.1 | 373.05 | 62.19 | 435.24 | OK | |
r-devel-linux-x86_64-debian-gcc | 0.3.1 | 342.71 | 46.76 | 389.47 | OK | |
r-devel-linux-x86_64-fedora-clang | 0.3.1 | 581.48 | NOTE | |||
r-devel-linux-x86_64-fedora-gcc | 0.3.1 | 651.50 | OK | |||
r-devel-windows-ix86+x86_64 | 0.3.1 | 782.00 | 444.00 | 1226.00 | NOTE | |
r-patched-linux-x86_64 | 0.3.1 | 360.77 | 61.11 | 421.88 | OK | |
r-patched-solaris-x86 | 0.3.1 | 445.80 | NOTE | |||
r-release-linux-x86_64 | 0.3.1 | 360.68 | 60.54 | 421.22 | OK | |
r-release-macos-x86_64 | 0.3.1 | NOTE | ||||
r-release-windows-ix86+x86_64 | 0.3.1 | 789.00 | 413.00 | 1202.00 | NOTE | |
r-oldrel-macos-x86_64 | 0.3.1 | NOTE | ||||
r-oldrel-windows-ix86+x86_64 | 0.3.1 | 533.00 | 441.00 | 974.00 | NOTE |
Version: 0.3.1
Check: installed package size
Result: NOTE
installed size is 44.2Mb
sub-directories of 1Mb or more:
L8NY18 2.3Mb
libs 40.2Mb
Flavors: r-devel-linux-x86_64-fedora-clang, r-devel-windows-ix86+x86_64, r-patched-solaris-x86, r-release-macos-x86_64, r-release-windows-ix86+x86_64, r-oldrel-macos-x86_64, r-oldrel-windows-ix86+x86_64