CRAN Package Check Results for Package geodiv

Last updated on 2020-09-17 02:08:12 CEST.

Flavor Version Tinstall Tcheck Ttotal Status Flags
r-devel-linux-x86_64-debian-clang 0.2.0 40.15 169.91 210.06 OK
r-devel-linux-x86_64-debian-gcc 0.2.0 29.29 128.39 157.68 OK
r-devel-linux-x86_64-fedora-clang 0.2.0 265.42 NOTE
r-devel-linux-x86_64-fedora-gcc 0.2.0 259.39 NOTE
r-devel-windows-ix86+x86_64 0.2.0 96.00 344.00 440.00 OK
r-patched-linux-x86_64 0.2.0 31.72 162.58 194.30 OK
r-patched-solaris-x86 0.2.0 347.30 NOTE
r-release-linux-x86_64 0.2.0 31.95 167.82 199.77 OK
r-release-macos-x86_64 0.2.0 NOTE
r-release-windows-ix86+x86_64 0.2.0 95.00 354.00 449.00 OK
r-oldrel-macos-x86_64 0.2.0 NOTE
r-oldrel-windows-ix86+x86_64 0.2.0 52.00 226.00 278.00 OK

Check Details

Version: 0.2.0
Check: dependencies in R code
Result: NOTE
    Namespaces in Imports field not imported from:
     ‘phonTools’ ‘rgdal’ ‘rgeos’
     All declared Imports should be used.
Flavors: r-devel-linux-x86_64-fedora-clang, r-devel-linux-x86_64-fedora-gcc, r-patched-solaris-x86, r-release-macos-x86_64, r-oldrel-macos-x86_64