CRAN Package Check Results for Package geonetwork

Last updated on 2020-09-17 02:08:12 CEST.

Flavor Version Tinstall Tcheck Ttotal Status Flags
r-devel-linux-x86_64-debian-clang 0.3 5.31 60.83 66.14 OK
r-devel-linux-x86_64-debian-gcc 0.3 4.43 45.47 49.90 OK
r-devel-linux-x86_64-fedora-clang 0.3 91.93 NOTE
r-devel-linux-x86_64-fedora-gcc 0.3 80.69 NOTE
r-devel-windows-ix86+x86_64 0.3 15.00 80.00 95.00 OK
r-patched-linux-x86_64 0.3 5.13 57.23 62.36 OK
r-patched-solaris-x86 0.3 127.50 NOTE
r-release-linux-x86_64 0.3 5.37 58.36 63.73 OK
r-release-macos-x86_64 0.3 NOTE
r-release-windows-ix86+x86_64 0.3 15.00 85.00 100.00 OK
r-oldrel-macos-x86_64 0.3 NOTE
r-oldrel-windows-ix86+x86_64 0.3 8.00 78.00 86.00 OK

Check Details

Version: 0.3
Check: dependencies in R code
Result: NOTE
    Namespace in Imports field not imported from: ‘methods’
     All declared Imports should be used.
Flavors: r-devel-linux-x86_64-fedora-clang, r-devel-linux-x86_64-fedora-gcc, r-patched-solaris-x86, r-release-macos-x86_64, r-oldrel-macos-x86_64