Last updated on 2020-09-17 02:08:12 CEST.
Flavor | Version | Tinstall | Tcheck | Ttotal | Status | Flags |
---|---|---|---|---|---|---|
r-devel-linux-x86_64-debian-clang | 1.5-10 | 9.35 | 55.91 | 65.26 | OK | |
r-devel-linux-x86_64-debian-gcc | 1.5-10 | 6.83 | 43.11 | 49.94 | OK | |
r-devel-linux-x86_64-fedora-clang | 1.5-10 | 87.74 | NOTE | |||
r-devel-linux-x86_64-fedora-gcc | 1.5-10 | 80.07 | OK | |||
r-devel-windows-ix86+x86_64 | 1.5-10 | 21.00 | 102.00 | 123.00 | OK | |
r-patched-linux-x86_64 | 1.5-10 | 9.00 | 55.40 | 64.40 | OK | |
r-patched-solaris-x86 | 1.5-10 | 105.70 | OK | |||
r-release-linux-x86_64 | 1.5-10 | 8.75 | 55.03 | 63.78 | OK | |
r-release-macos-x86_64 | 1.5-10 | OK | ||||
r-release-windows-ix86+x86_64 | 1.5-10 | 20.00 | 82.00 | 102.00 | OK | |
r-oldrel-macos-x86_64 | 1.5-10 | OK | ||||
r-oldrel-windows-ix86+x86_64 | 1.5-10 | 16.00 | 99.00 | 115.00 | OK |
Version: 1.5-10
Check: Rd cross-references
Result: NOTE
Undeclared package ‘rgeos’ in Rd xrefs
Flavor: r-devel-linux-x86_64-fedora-clang