CRAN Package Check Results for Package gfer

Last updated on 2020-09-17 02:08:12 CEST.

Flavor Version Tinstall Tcheck Ttotal Status Flags
r-devel-linux-x86_64-debian-clang 0.1.10 7.75 62.29 70.04 OK
r-devel-linux-x86_64-debian-gcc 0.1.10 6.10 47.07 53.17 OK
r-devel-linux-x86_64-fedora-clang 0.1.10 93.43 NOTE
r-devel-linux-x86_64-fedora-gcc 0.1.10 86.32 NOTE
r-devel-windows-ix86+x86_64 0.1.10 23.00 106.00 129.00 OK
r-patched-linux-x86_64 0.1.10 6.87 60.25 67.12 OK
r-patched-solaris-x86 0.1.10 124.10 NOTE
r-release-linux-x86_64 0.1.10 7.12 60.75 67.87 OK
r-release-macos-x86_64 0.1.10 NOTE
r-release-windows-ix86+x86_64 0.1.10 21.00 105.00 126.00 OK
r-oldrel-macos-x86_64 0.1.10 NOTE
r-oldrel-windows-ix86+x86_64 0.1.10 32.00 97.00 129.00 OK

Check Details

Version: 0.1.10
Check: dependencies in R code
Result: NOTE
    Namespace in Imports field not imported from: ‘tidyr’
     All declared Imports should be used.
Flavors: r-devel-linux-x86_64-fedora-clang, r-devel-linux-x86_64-fedora-gcc, r-patched-solaris-x86, r-release-macos-x86_64, r-oldrel-macos-x86_64