Last updated on 2020-09-17 02:08:13 CEST.
Flavor | Version | Tinstall | Tcheck | Ttotal | Status | Flags |
---|---|---|---|---|---|---|
r-devel-linux-x86_64-debian-clang | 0.9 | 5.12 | 48.07 | 53.19 | OK | |
r-devel-linux-x86_64-debian-gcc | 0.9 | 4.92 | 36.39 | 41.31 | OK | |
r-devel-linux-x86_64-fedora-clang | 0.9 | 79.87 | NOTE | |||
r-devel-linux-x86_64-fedora-gcc | 0.9 | 67.83 | NOTE | |||
r-devel-windows-ix86+x86_64 | 0.9 | 13.00 | 73.00 | 86.00 | OK | |
r-patched-linux-x86_64 | 0.9 | 5.92 | 46.31 | 52.23 | OK | |
r-patched-solaris-x86 | 0.9 | 98.30 | NOTE | |||
r-release-linux-x86_64 | 0.9 | 6.14 | 46.85 | 52.99 | OK | |
r-release-macos-x86_64 | 0.9 | NOTE | ||||
r-release-windows-ix86+x86_64 | 0.9 | 12.00 | 76.00 | 88.00 | OK | |
r-oldrel-macos-x86_64 | 0.9 | NOTE | ||||
r-oldrel-windows-ix86+x86_64 | 0.9 | 19.00 | 71.00 | 90.00 | OK |
Version: 0.9
Check: dependencies in R code
Result: NOTE
Namespaces in Imports field not imported from:
‘R6’ ‘grDevices’ ‘scales’ ‘utils’
All declared Imports should be used.
Flavors: r-devel-linux-x86_64-fedora-clang, r-devel-linux-x86_64-fedora-gcc, r-patched-solaris-x86, r-release-macos-x86_64, r-oldrel-macos-x86_64