CRAN Package Check Results for Package gganimate

Last updated on 2020-09-17 02:08:12 CEST.

Flavor Version Tinstall Tcheck Ttotal Status Flags
r-devel-linux-x86_64-debian-clang 1.0.6 12.39 219.06 231.45 OK
r-devel-linux-x86_64-debian-gcc 1.0.6 9.16 157.20 166.36 OK
r-devel-linux-x86_64-fedora-clang 1.0.6 270.05 OK
r-devel-linux-x86_64-fedora-gcc 1.0.6 272.03 OK
r-devel-windows-ix86+x86_64 1.0.6 26.00 231.00 257.00 OK
r-patched-linux-x86_64 1.0.6 10.73 203.27 214.00 OK
r-patched-solaris-x86 1.0.6 406.30 WARN
r-release-linux-x86_64 1.0.6 12.27 203.88 216.15 OK
r-release-macos-x86_64 1.0.6 OK
r-release-windows-ix86+x86_64 1.0.6 25.00 238.00 263.00 OK
r-oldrel-macos-x86_64 1.0.6 OK
r-oldrel-windows-ix86+x86_64 1.0.6 26.00 266.00 292.00 OK

Check Details

Version: 1.0.6
Check: package dependencies
Result: NOTE
    Packages suggested but not available for checking: 'av', 'gifski'
Flavor: r-patched-solaris-x86

Version: 1.0.6
Check: re-building of vignette outputs
Result: WARN
    Error(s) in re-building vignettes:
     ...
    --- re-building ‘gganimate.Rmd’ using rmarkdown
    Warning in engine$weave(file, quiet = quiet, encoding = enc) :
     Pandoc (>= 1.12.3) and/or pandoc-citeproc not available. Falling back to R Markdown v1.
    Quitting from lines 253-258 (gganimate.Rmd)
    Error: processing vignette 'gganimate.Rmd' failed with diagnostics:
    The av package is required to use av_renderer
    --- failed re-building ‘gganimate.Rmd’
    
    SUMMARY: processing the following file failed:
     ‘gganimate.Rmd’
    
    Error: Vignette re-building failed.
    Execution halted
Flavor: r-patched-solaris-x86