Last updated on 2020-09-17 02:08:13 CEST.
Flavor | Version | Tinstall | Tcheck | Ttotal | Status | Flags |
---|---|---|---|---|---|---|
r-devel-linux-x86_64-debian-clang | 0.5.0 | 21.53 | 168.02 | 189.55 | OK | |
r-devel-linux-x86_64-debian-gcc | 0.5.0 | 16.63 | 126.99 | 143.62 | OK | |
r-devel-linux-x86_64-fedora-clang | 0.5.0 | 259.73 | NOTE | |||
r-devel-linux-x86_64-fedora-gcc | 0.5.0 | 251.31 | NOTE | |||
r-devel-windows-ix86+x86_64 | 0.5.0 | 58.00 | 234.00 | 292.00 | OK | |
r-patched-linux-x86_64 | 0.5.0 | 17.89 | 159.59 | 177.48 | OK | |
r-patched-solaris-x86 | 0.5.0 | 254.10 | NOTE | |||
r-release-linux-x86_64 | 0.5.0 | 18.75 | 158.26 | 177.01 | OK | |
r-release-macos-x86_64 | 0.5.0 | NOTE | ||||
r-release-windows-ix86+x86_64 | 0.5.0 | 56.00 | 243.00 | 299.00 | OK | |
r-oldrel-macos-x86_64 | 0.5.0 | NOTE | ||||
r-oldrel-windows-ix86+x86_64 | 0.5.0 | 57.00 | 236.00 | 293.00 | OK |
Version: 0.5.0
Check: data for non-ASCII characters
Result: NOTE
Note: found 203 marked UTF-8 strings
Flavors: r-devel-linux-x86_64-fedora-clang, r-devel-linux-x86_64-fedora-gcc, r-patched-solaris-x86, r-release-macos-x86_64, r-oldrel-macos-x86_64