Last updated on 2020-09-17 02:08:13 CEST.
Flavor | Version | Tinstall | Tcheck | Ttotal | Status | Flags |
---|---|---|---|---|---|---|
r-devel-linux-x86_64-debian-clang | 1.2.2 | 161.95 | 468.02 | 629.97 | OK | |
r-devel-linux-x86_64-debian-gcc | 1.2.2 | 137.94 | 326.02 | 463.96 | OK | |
r-devel-linux-x86_64-fedora-clang | 1.2.2 | 780.72 | NOTE | |||
r-devel-linux-x86_64-fedora-gcc | 1.2.2 | 802.73 | OK | |||
r-devel-windows-ix86+x86_64 | 1.2.2 | 298.00 | 789.00 | 1087.00 | NOTE | |
r-patched-linux-x86_64 | 1.2.2 | 150.67 | 458.04 | 608.71 | OK | |
r-patched-solaris-x86 | 1.2.2 | 1144.00 | OK | |||
r-release-linux-x86_64 | 1.2.2 | 158.40 | 454.14 | 612.54 | OK | |
r-release-macos-x86_64 | 1.2.2 | NOTE | ||||
r-release-windows-ix86+x86_64 | 1.2.2 | 301.00 | 778.00 | 1079.00 | NOTE | |
r-oldrel-macos-x86_64 | 1.2.2 | NOTE | ||||
r-oldrel-windows-ix86+x86_64 | 1.2.2 | 210.00 | 684.00 | 894.00 | NOTE |
Version: 1.2.2
Check: installed package size
Result: NOTE
installed size is 49.5Mb
sub-directories of 1Mb or more:
libs 48.3Mb
Flavors: r-devel-linux-x86_64-fedora-clang, r-devel-windows-ix86+x86_64, r-release-macos-x86_64, r-release-windows-ix86+x86_64, r-oldrel-macos-x86_64, r-oldrel-windows-ix86+x86_64