CRAN Package Check Results for Package gmnl

Last updated on 2020-09-17 02:08:13 CEST.

Flavor Version Tinstall Tcheck Ttotal Status Flags
r-devel-linux-x86_64-debian-clang 1.1-3.2 12.58 94.37 106.95 OK
r-devel-linux-x86_64-debian-gcc 1.1-3.2 10.42 69.05 79.47 OK
r-devel-linux-x86_64-fedora-clang 1.1-3.2 141.50 NOTE
r-devel-linux-x86_64-fedora-gcc 1.1-3.2 130.14 OK
r-devel-windows-ix86+x86_64 1.1-3.2 28.00 121.00 149.00 OK
r-patched-linux-x86_64 1.1-3.2 13.46 89.36 102.82 OK
r-patched-solaris-x86 1.1-3.2 180.70 OK
r-release-linux-x86_64 1.1-3.2 12.36 90.50 102.86 OK
r-release-macos-x86_64 1.1-3.2 OK
r-release-windows-ix86+x86_64 1.1-3.2 27.00 91.00 118.00 OK
r-oldrel-macos-x86_64 1.1-3.2 OK
r-oldrel-windows-ix86+x86_64 1.1-3.2 31.00 115.00 146.00 OK

Check Details

Version: 1.1-3.2
Check: Rd cross-references
Result: NOTE
    Undeclared package ‘sandwich’ in Rd xrefs
Flavor: r-devel-linux-x86_64-fedora-clang