Last updated on 2020-09-17 02:08:13 CEST.
Flavor | Version | Tinstall | Tcheck | Ttotal | Status | Flags |
---|---|---|---|---|---|---|
r-devel-linux-x86_64-debian-clang | 1.1.1 | 11.56 | 57.14 | 68.70 | OK | |
r-devel-linux-x86_64-debian-gcc | 1.1.1 | 9.21 | 44.93 | 54.14 | OK | |
r-devel-linux-x86_64-fedora-clang | 1.1.1 | 94.77 | NOTE | |||
r-devel-linux-x86_64-fedora-gcc | 1.1.1 | 83.11 | NOTE | |||
r-devel-windows-ix86+x86_64 | 1.1.1 | 33.00 | 105.00 | 138.00 | OK | |
r-patched-linux-x86_64 | 1.1.1 | 11.38 | 56.67 | 68.05 | OK | |
r-patched-solaris-x86 | 1.1.1 | 139.00 | OK | |||
r-release-linux-x86_64 | 1.1.1 | 11.06 | 56.61 | 67.67 | OK | |
r-release-macos-x86_64 | 1.1.1 | OK | ||||
r-release-windows-ix86+x86_64 | 1.1.1 | 31.00 | 84.00 | 115.00 | OK | |
r-oldrel-macos-x86_64 | 1.1.1 | WARN | ||||
r-oldrel-windows-ix86+x86_64 | 1.1.1 | 30.00 | 94.00 | 124.00 | OK |
Version: 1.1.1
Check: compiled code
Result: NOTE
File ‘graphscan/libs/graphscan.so’:
Found no calls to: ‘R_registerRoutines’, ‘R_useDynamicSymbols’
It is good practice to register native routines and to disable symbol
search.
See ‘Writing portable packages’ in the ‘Writing R Extensions’ manual.
Flavors: r-devel-linux-x86_64-fedora-clang, r-devel-linux-x86_64-fedora-gcc
Version: 1.1.1
Check: whether package can be installed
Result: WARN
Found the following significant warnings:
Warning: 'rgl_init' failed, running with rgl.useNULL = TRUE
Flavor: r-oldrel-macos-x86_64