CRAN Package Check Results for Package hereR

Last updated on 2020-09-17 02:08:13 CEST.

Flavor Version Tinstall Tcheck Ttotal Status Flags
r-devel-linux-x86_64-debian-clang 0.4.1 6.05 97.02 103.07 OK
r-devel-linux-x86_64-debian-gcc 0.4.1 4.90 73.74 78.64 OK
r-devel-linux-x86_64-fedora-clang 0.4.1 138.09 OK
r-devel-linux-x86_64-fedora-gcc 0.4.1 149.23 OK
r-devel-windows-ix86+x86_64 0.4.1 17.00 127.00 144.00 OK
r-patched-linux-x86_64 0.4.1 6.18 94.47 100.65 OK
r-patched-solaris-x86 0.4.1 179.50 OK
r-release-linux-x86_64 0.4.1 6.00 96.77 102.77 OK
r-release-macos-x86_64 0.4.1 OK
r-release-windows-ix86+x86_64 0.4.1 16.00 139.00 155.00 OK
r-oldrel-macos-x86_64 0.4.1 ERROR
r-oldrel-windows-ix86+x86_64 0.4.1 9.00 117.00 126.00 OK

Check Details

Version: 0.4.1
Check: package dependencies
Result: ERROR
    Package required and available but unsuitable version: ‘data.table’
    
    See section ‘The DESCRIPTION file’ in the ‘Writing R Extensions’
    manual.
Flavor: r-oldrel-macos-x86_64