Last updated on 2020-09-17 02:08:13 CEST.
Flavor | Version | Tinstall | Tcheck | Ttotal | Status | Flags |
---|---|---|---|---|---|---|
r-devel-linux-x86_64-debian-clang | 0.3.1 | 313.47 | 349.90 | 663.37 | OK | |
r-devel-linux-x86_64-debian-gcc | 0.3.1 | 264.17 | 246.44 | 510.61 | OK | |
r-devel-linux-x86_64-fedora-clang | 0.3.1 | 860.01 | NOTE | |||
r-devel-linux-x86_64-fedora-gcc | 0.3.1 | 840.74 | NOTE | |||
r-devel-windows-ix86+x86_64 | 0.3.1 | 717.00 | 531.00 | 1248.00 | NOTE | |
r-patched-linux-x86_64 | 0.3.1 | 289.16 | 303.70 | 592.86 | OK | |
r-patched-solaris-x86 | 0.3.1 | 895.80 | NOTE | |||
r-release-linux-x86_64 | 0.3.1 | 288.29 | 305.28 | 593.57 | OK | |
r-release-macos-x86_64 | 0.3.1 | NOTE | ||||
r-release-windows-ix86+x86_64 | 0.3.1 | 718.00 | 527.00 | 1245.00 | NOTE | |
r-oldrel-macos-x86_64 | 0.3.1 | NOTE | ||||
r-oldrel-windows-ix86+x86_64 | 0.3.1 | 596.00 | 493.00 | 1089.00 | NOTE |
Version: 0.3.1
Check: installed package size
Result: NOTE
installed size is 26.9Mb
sub-directories of 1Mb or more:
doc 1.8Mb
libs 23.7Mb
Flavors: r-devel-linux-x86_64-fedora-clang, r-devel-windows-ix86+x86_64, r-patched-solaris-x86, r-release-macos-x86_64, r-release-windows-ix86+x86_64, r-oldrel-macos-x86_64, r-oldrel-windows-ix86+x86_64
Version: 0.3.1
Check: dependencies in R code
Result: NOTE
Namespace in Imports field not imported from: ‘R6’
All declared Imports should be used.
Flavors: r-devel-linux-x86_64-fedora-clang, r-devel-linux-x86_64-fedora-gcc, r-patched-solaris-x86, r-release-macos-x86_64, r-oldrel-macos-x86_64