CRAN Package Check Results for Package hmi

Last updated on 2020-09-17 02:08:13 CEST.

Flavor Version Tinstall Tcheck Ttotal Status Flags
r-devel-linux-x86_64-debian-clang 0.9.19 12.08 73.81 85.89 OK
r-devel-linux-x86_64-debian-gcc 0.9.19 8.73 54.47 63.20 OK
r-devel-linux-x86_64-fedora-clang 0.9.19 112.59 NOTE
r-devel-linux-x86_64-fedora-gcc 0.9.19 103.51 NOTE
r-devel-windows-ix86+x86_64 0.9.19 24.00 109.00 133.00 OK
r-patched-linux-x86_64 0.9.19 11.11 71.86 82.97 OK
r-patched-solaris-x86 0.9.19 137.50 NOTE
r-release-linux-x86_64 0.9.19 11.28 72.14 83.42 OK
r-release-macos-x86_64 0.9.19 NOTE
r-release-windows-ix86+x86_64 0.9.19 22.00 113.00 135.00 OK
r-oldrel-macos-x86_64 0.9.19 NOTE
r-oldrel-windows-ix86+x86_64 0.9.19 19.00 90.00 109.00 OK

Check Details

Version: 0.9.19
Check: dependencies in R code
Result: NOTE
    Namespace in Imports field not imported from: ‘broom.mixed’
     All declared Imports should be used.
Flavors: r-devel-linux-x86_64-fedora-clang, r-devel-linux-x86_64-fedora-gcc, r-patched-solaris-x86, r-release-macos-x86_64, r-oldrel-macos-x86_64