CRAN Package Check Results for Package iSDM

Last updated on 2020-09-17 02:08:14 CEST.

Flavor Version Tinstall Tcheck Ttotal Status Flags
r-devel-linux-x86_64-debian-clang 1.0 2.95 24.19 27.14 OK
r-devel-linux-x86_64-debian-gcc 1.0 2.22 19.30 21.52 OK
r-devel-linux-x86_64-fedora-clang 1.0 42.65 NOTE
r-devel-linux-x86_64-fedora-gcc 1.0 32.39 NOTE
r-devel-windows-ix86+x86_64 1.0 6.00 47.00 53.00 OK
r-patched-linux-x86_64 1.0 2.52 24.62 27.14 OK
r-patched-solaris-x86 1.0 50.50 NOTE
r-release-linux-x86_64 1.0 2.50 24.45 26.95 OK
r-release-macos-x86_64 1.0 NOTE
r-release-windows-ix86+x86_64 1.0 6.00 33.00 39.00 OK
r-oldrel-macos-x86_64 1.0 NOTE
r-oldrel-windows-ix86+x86_64 1.0 18.00 41.00 59.00 OK

Check Details

Version: 1.0
Check: dependencies in R code
Result: NOTE
    Namespaces in Imports field not imported from:
     ‘colorRamps’ ‘virtualspecies’
     All declared Imports should be used.
Flavors: r-devel-linux-x86_64-fedora-clang, r-devel-linux-x86_64-fedora-gcc, r-patched-solaris-x86, r-release-macos-x86_64, r-oldrel-macos-x86_64