CRAN Package Check Results for Package ibb

Last updated on 2020-09-17 02:08:14 CEST.

Flavor Version Tinstall Tcheck Ttotal Status Flags
r-devel-linux-x86_64-debian-clang 0.0.1 3.89 34.15 38.04 OK
r-devel-linux-x86_64-debian-gcc 0.0.1 2.85 26.12 28.97 OK
r-devel-linux-x86_64-fedora-clang 0.0.1 55.09 NOTE
r-devel-linux-x86_64-fedora-gcc 0.0.1 45.04 NOTE
r-devel-windows-ix86+x86_64 0.0.1 9.00 42.00 51.00 OK
r-patched-linux-x86_64 0.0.1 3.39 33.01 36.40 OK
r-patched-solaris-x86 0.0.1 66.50 NOTE
r-release-linux-x86_64 0.0.1 3.83 33.41 37.24 OK
r-release-macos-x86_64 0.0.1 NOTE
r-release-windows-ix86+x86_64 0.0.1 9.00 42.00 51.00 OK
r-oldrel-macos-x86_64 0.0.1 NOTE
r-oldrel-windows-ix86+x86_64 0.0.1 6.00 50.00 56.00 OK

Check Details

Version: 0.0.1
Check: dependencies in R code
Result: NOTE
    Namespace in Imports field not imported from: ‘xml2’
     All declared Imports should be used.
Flavors: r-devel-linux-x86_64-fedora-clang, r-devel-linux-x86_64-fedora-gcc, r-patched-solaris-x86, r-release-macos-x86_64, r-oldrel-macos-x86_64

Version: 0.0.1
Check: data for non-ASCII characters
Result: NOTE
     Note: found 359 marked UTF-8 strings
Flavors: r-devel-linux-x86_64-fedora-clang, r-devel-linux-x86_64-fedora-gcc, r-patched-solaris-x86, r-release-macos-x86_64, r-oldrel-macos-x86_64